c) = c**3 + 12*c**2 - c + 75. Calculate q(-15).
-585
Let k(v) = -2*v**3 + v**2 + 36*v - 78. Determine k(4).
-46
Let w(h) = -h**3 + 18*h - 11. Give w(-5).
24
Let m(s) = -3*s**3 + 243*s**2 + 248*s - 163. Determine m(82).
1
Let d(z) = z**2 + 55*z + 304. Calculate d(-6).
10
Let c(u) = -39*u + 17. Give c(-3).
134
Let w(n) = -136*n + 5390. Determine w(40).
-50
Let q(a) = -a**3 - 33*a**2 - 31*a + 28. Calculate q(-32).
-4
Let q(g) = -44*g - 333. Determine q(-7).
-25
Let i(y) = -2*y**2 + 14*y + 100. Determine i(-6).
-56
Let y(h) = h - 153. Determine y(34).
-119
Let g(q) = -101*q + 65. Determine g(-2).
267
Let r(b) = b**3 - 9*b**2 + 19*b - 122. Determine r(8).
-34
Let t(h) = -8*h**2 - 169*h - 868. What is t(-12)?
8
Let z(m) = m**2 - 21*m + 105. What is z(13)?
1
Let y(k) = 2*k**2 + 85*k + 238. What is y(-32)?
-434
Let n(s) = 63*s + 472. What is n(-7)?
31
Let n(l) = l**3 + 8*l**2 - 34*l + 7. Calculate n(-9).
232
Let n(s) = -125*s - 2. Calculate n(-2).
248
Let s(m) = -3*m**3 - 95*m**2 - 199*m - 1466. Determine s(-30).
4
Let f(h) = h**2 + 58*h + 94. Give f(-44).
-522
Let s(d) = -4*d**2 + 19*d + 464. What is s(-16)?
-864
Let g(h) = 5*h**2 + 20*h + 43. Give g(-6).
103
Let c(h) = -h**3 + 103*h**2 - 503*h + 1329. What is c(98)?
55
Let x(y) = -13*y + 456. Calculate x(35).
1
Let h(c) = 159*c + 15095. Determine h(-95).
-10
Let b(x) = -53*x - 743. Calculate b(-13).
-54
Let q(a) = -76*a**3 - 5*a**2 + 5*a - 3. Calculate q(2).
-621
Let f(o) = 2*o**2 + 9*o - 2. Calculate f(-4).
-6
Let i(m) = 657*m - 2611. Give i(4).
17
Let m(s) = 3*s**2 - 134*s + 626. Give m(40).
66
Let c(g) = -g**3 + 15*g**2 + 110*g - 3. What is c(-5)?
-53
Let y(k) = 8*k**2 - 9*k - 2. Give y(-2).
48
Let d(i) = -i**3 + 9*i**2 - 12*i + 40. Determine d(8).
8
Let f(l) = -l**2 - 102*l - 2537. Determine f(-52).
63
Let q(p) = -p**2 - 1206*p - 10755. Give q(-9).
18
Let j(h) = h**2 - 25*h + 82. What is j(15)?
-68
Let g(u) = -38*u**3 - 37*u**2 + 43*u - 3. Give g(1).
-35
Let t(b) = -93*b - 2759. Calculate t(-32).
217
Let w(d) = -d**3 - 19*d**2 + 171*d + 1221. Determine w(-24).
-3
Let v(h) = -2*h**2 - 13*h + 107. Give v(8).
-125
Let c(h) = -1083*h + 34647. What is c(32)?
-9
Let m(g) = -g**3 + 9*g**2 + 10*g + 7. Give m(9).
97
Let h(l) = -2*l**2 - 30*l + 481. Determine h(-28).
-247
Let q(c) = -c**2 + 45*c + 1269. Calculate q(-20).
-31
Let w(s) = s**3 - 52*s**2 + 47*s + 114. Determine w(51).
-90
Let x(c) = -183*c**3 + 6*c**2 - 3*c - 1. Determine x(1).
-181
Let i(r) = 40*r + 44. Calculate i(-2).
-36
Let f(z) = -z**3 - 142*z**2 - 284*z - 556. Give f(-140).
4
Let i(v) = 12*v - 19. Determine i(1).
-7
Let o(m) = -3*m + 70. What is o(9)?
43
Let p(g) = g**2 + 48*g + 292. Give p(-42).
40
Let x(j) = -j**2 - 395*j - 3892. Calculate x(-10).
-42
Let n(t) = 583*t - 16. What is n(-1)?
-599
Let x(q) = -1202*q + 16836. Calculate x(14).
8
Let k(v) = -v**3 - 4*v**2 + 3*v - 30. Determine k(-6).
24
Let j(y) = y**3 + 12*y**2 + 11*y + 48. Determine j(-9).
192
Let b(r) = 28*r - 722. Determine b(23).
-78
Let o(f) = -f**3 + 3*f**2 + 3*f - 33. What is o(5)?
-68
Let z(w) = -301*w - 1803. What is z(-6)?
3
Let v(a) = a**3 + 66*a**2 - a - 78. Calculate v(-66).
-12
Let a(t) = 28*t + 399. Calculate a(-12).
63
Let r(g) = 40*g - 98. Give r(8).
222
Let l(i) = 4*i**2 - 117*i + 126. Calculate l(28).
-14
Let y(d) = -d**2 - 6*d + 1211. What is y(-38)?
-5
Let a(w) = -w**3 - 15*w**2 + 66*w - 116. Calculate a(-19).
74
Let t(z) = -65*z + 7092. What is t(109)?
7
Let z(d) = d**3 + 65*d**2 - 1508*d + 259. Determine z(18).
7
Let x(a) = -62*a - 3353. What is x(-58)?
243
Let c(o) = -10*o**2 - 26*o - 95. Determine c(-4).
-151
Let t(p) = 56*p + 322. Determine t(-17).
-630
Let l(j) = -j**2 + 115*j - 1645. Give l(98).
21
Let u(m) = 14*m - 171. Give u(8).
-59
Let o(v) = -v**3 - 18*v**2 - 14*v - 19. Determine o(-17).
-70
Let p(o) = -o**3 - 9*o**2 - 21*o - 59. Calculate p(-6).
-41
Let z(w) = -9*w**2 - 65*w + 4014. What is z(-25)?
14
Let s(w) = -w**2 - 22*w - 14. What is s(-21)?
7
Let w(p) = p**3 + 2*p**2 - 2*p - 26. Determine w(0).
-26
Let y(h) = 2*h**3 - 2*h**2 + 36*h - 382. Calculate y(5).
-2
Let m(f) = -162*f - 497. What is m(-3)?
-11
Let w(m) = m**3 + 10*m**2 + 22*m - 17. Give w(-6).
-5
Let c(y) = y**2 - 64*y - 265. Determine c(-4).
7
Let j(g) = 45*g + 2097. Give j(-47).
-18
Let z(k) = k**3 - 61*k**2 - 6*k + 185. Give z(61).
-181
Let d(o) = 74*o - 1303. Give d(19).
103
Let a(y) = 93*y - 205. Calculate a(3).
74
Let r(b) = 61*b + 844. Calculate r(-22).
-498
Let u(v) = -46*v + 476. Give u(26).
-720
Let l(f) = -12*f**2 - 103*f + 6. Calculate l(-10).
-164
Let o(i) = i**3 - 20*i**2 + 51*i + 181. Calculate o(16).
-27
Let g(y) = 16*y**2 - 107*y + 12. What is g(7)?
47
Let d(q) = -q**3 - 28*q**2 - 30*q - 7. Calculate d(-27).
74
Let i(w) = w**2 - 3*w. What is i(6)?
18
Let u(n) = 332*n + 18261. Give u(-55).
1
Let f(k) = -28*k - 244. What is f(-7)?
-48
Let p(y) = 318*y + 4638. Give p(-15).
-132
Let o(j) = -j**2 + 67*j + 3988. Calculate o(-38).
-2
Let d(r) = -4*r**2 + 68*r - 229. What is d(4)?
-21
Let a(v) = v**3 - 90*v**2 + 3*v - 269. Determine a(90).
1
Let h(s) = -2*s**3 - 2*s**2 + 6*s + 16. What is h(-5)?
186
Let h(a) = 5*a**3 + 159*a**2 - 28*a + 119. Give h(-32).
-9
Let f(x) = -x**3 - 29*x**2 + 133*x - 216. Determine f(-33).
-249
Let p(w) = -16*w - 1881. Determine p(-118).
7
Let t(b) = -46*b - 1068. Determine t(-39).
726
Let d(a) = -6923*a - 6914. Give d(-1).
9
Let w(s) = s**3 + 24*s**2 - 76*s - 87. What is w(-27)?
-222
Let u(y) = -80*y - 1283. Give u(-17).
77
Let d(r) = 27*r**3 - 3*r + 3. Give d(1).
27
Let h(o) = -3*o**3 + 12*o**2 + 20*o - 84. Determine h(3).
3
Let q(c) = 12*c**3 + 4*c**2 + c - 12. Calculate q(2).
102
Let b(q) = q**3 + 20*q**2 - q + 11. Calculate b(-20).
31
Let y(w) = -459*w - 18816. Determine y(-41).
3
Let p(k) = -14*k**2 - 31*k - 1. Determine p(-3).
-34
Let l(s) = -494*s - 2995. Calculate l(-6).
-31
Let f(i) = -32*i**3 - i. Give f(1).
-33
Let z(g) = -6*g**2 - 19*g + 17. Calculate z(4).
-155
Let b(x) = -3*x**3 - 4*x**2 - 8*x + 13. Give b(4).
-275
Let i(s) = s**3 - 27*s**2 - 54*s - 58. Determine i(29).
58
Let y(n) = n**2 + 20*n - 264. Give y(-29).
-3
Let m(n) = -13*n**2 - 125*n + 2319. Determine m(-19).
1
Let a(q) = -q**3 + 30*q**2 + 14*q + 1607. Give a(32).
7
Let p(b) = 231*b + 228. Give p(-1).
-3
Let s(a) = -69*a - 2243. Calculate s(-36).
241
Let b(j) = -j**3 + 24*j**2 - 15*j - 54. Give b(23).
130
Let c(o) = o**3 - 13*o**2 - 7*o + 33. Determine c(12).
-195
Let w(x) = -x**3 - 79*x**2 - 1185*x - 288. Determine w(-59).
7
Let q(u) = -441*u + 12808. Give q(29).
19
Let p(r) = -r**2 - 65*r - 685. Give p(-13).
-9
Let z(d) = 341*d + 5796. Calculate z(-17).
-1
Let a(p) = -4*p**2 + 17*p + 18. Give a(-4).
-114
Let b(f) = 3*f**2 - 397*f + 127. What is b(132)?
-5
Let m(v) = -3*v**3 + 41*v**2 + 58*v + 26. Calculate m(15).
-4
Let g(q) = -116*q + 996. What is g(8)?
68
Let s(q) = -q**2 + 27*q + 10. Calculate s(16).
186
Let r(f) = -2*f**3 - 18*f**2 - 54*f - 79. Determine r(-5).
-9
Let g(l) = -l**3 - 63*l**2 - 985*l + 23. Calculate g(-34).
-11
Let n(d) = -12*d**3 + 227*d**2 + 21*d - 59. Calculate n(19).
-21
Let q(v) = v**2 + 17*v + 60. What is q(-9)?
-12
Let n(d) = -3*d**3 - 2*d**2 + 11*d - 23. Give n(4).
-203
Let i(t) = -13*t**2 - 779*t + 56. Give i(-60).
-4
Let a(l) = -23*l**2 - 18*l - 13. Give a(-2).
-69
Let o(n) = -n**3 - 37*n**2 - 317*n - 167. Calculate o(-12).
37
Let q(a) = 17*a - 902. Calculate q(53).
-1
Let i(g) = g**3 + 38*g**2 - 56*g - 663. What is i(-39)?
0
Let m(b) = -1361*b + 31311. What is m(23)?
8
Let u(l) = -20*l - 376. Calculate u(-17).
-36
Let x(q) = 34917*q + 34927. Determine x(-1).
10
Let y(r) = 3*r**2 + 46*r - 121. What is y(-13)?
-212
Let g(q) = -35*q + 1799. Calculate g(52).
-21
Let r(j) = j**2 - 8*j - 587. Give r(28).
-27
Let x(t) = 20*t - 2. Calculate x(7).
138
Let c(w) = w**3 - 52*w**2 + 97*w + 166. Determine c(50).
16
Let x(v) = 30*v**3 - 119*v**2 - 5*v - 9. Give x(4).
-13
Let w(i) = -3*i**3 + 67*i**2 + 47*i + 78. Determine w(23).
101
Let w(y) = -y**2 - 16*y + 90. What is w(-20)?
10
Let x(h) = -2*h**3 - 67*h**2 + 33*h - 52. What is x(-34)?
-18
Let x(g) = 757*g**2 + 9*g - 11. Determine x(1).
755
Let r(k) = 1492*k + 98475. Give r(-66).
3
Let g(m) = -55*m + 165. Calculate g(7).
-220
Let s(d) = 496*d + 18849. Calculate s(-38).
1
Let h(s) = -34*s + 6